{"id":419,"date":"2025-10-14T08:20:00","date_gmt":"2025-10-14T08:20:00","guid":{"rendered":"https:\/\/unikkiramik.dk\/index.php\/about-us\/"},"modified":"2026-02-16T10:49:03","modified_gmt":"2026-02-16T10:49:03","slug":"about-us","status":"publish","type":"page","link":"https:\/\/unikkiramik.dk\/index.php\/about-us\/","title":{"rendered":"VELKOMMEN"},"content":{"rendered":"\t\t<div data-elementor-type=\"wp-page\" data-elementor-id=\"419\" class=\"elementor elementor-419\">\n\t\t\t\t<div class=\"elementor-element elementor-element-19ef1803 e-con-full e-flex e-con e-parent\" data-id=\"19ef1803\" data-element_type=\"container\" data-e-type=\"container\">\n\t\t<div class=\"elementor-element elementor-element-1324e3b6 e-con-full e-flex e-con e-child\" data-id=\"1324e3b6\" data-element_type=\"container\" data-e-type=\"container\">\n\t\t<div class=\"elementor-element elementor-element-1cadb05f e-con-full e-flex e-con e-child\" data-id=\"1cadb05f\" data-element_type=\"container\" data-e-type=\"container\">\n\t\t\t\t<div class=\"elementor-element elementor-element-30fbb45e elementor-widget elementor-widget-heading\" data-id=\"30fbb45e\" data-element_type=\"widget\" data-e-type=\"widget\" data-widget_type=\"heading.default\">\n\t\t\t\t\t<h1 class=\"elementor-heading-title elementor-size-default\">Kira Leth -\nKeramik skabt med h\u00e6nder, hjerte og et strejf af elegance<\/h1>\t\t\t\t<\/div>\n\t\t\t\t<div class=\"elementor-element elementor-element-1a58cb49 elementor-widget__width-initial elementor-invisible elementor-widget elementor-widget-text-editor\" data-id=\"1a58cb49\" data-element_type=\"widget\" data-e-type=\"widget\" data-settings=\"{&quot;_animation&quot;:&quot;fadeInDown&quot;}\" data-widget_type=\"text-editor.default\">\n\t\t\t\t\t\t\t\t\t<p>Autodidakt keramiker, tidligere fotograf og uddannet p\u00e6dagog. Med en kreativ \u00e5re, der altid har l\u00f8bet st\u00e6rkt, skaber jeg h\u00e5ndlavet keramik fyldt med personlighed, finurligheder og k\u00e6rlighed til det enkle.<\/p>\t\t\t\t\t\t\t\t<\/div>\n\t\t\t\t<\/div>\n\t\t\t\t<div class=\"elementor-element elementor-element-1ceac7c0 elementor-invisible elementor-widget elementor-widget-heading\" data-id=\"1ceac7c0\" data-element_type=\"widget\" data-e-type=\"widget\" data-settings=\"{&quot;_animation&quot;:&quot;fadeInUp&quot;}\" data-widget_type=\"heading.default\">\n\t\t\t\t\t<span class=\"elementor-heading-title elementor-size-default\">mit univers<\/span>\t\t\t\t<\/div>\n\t\t\t\t<\/div>\n\t\t<div class=\"elementor-element elementor-element-3d423c1b e-con-full e-flex e-con e-child\" data-id=\"3d423c1b\" data-element_type=\"container\" data-e-type=\"container\" data-settings=\"{&quot;background_background&quot;:&quot;classic&quot;}\">\n\t\t\t\t<\/div>\n\t\t\t\t<\/div>\n\t\t<div class=\"elementor-element elementor-element-6d796fa4 e-con-full e-flex e-con e-parent\" data-id=\"6d796fa4\" data-element_type=\"container\" data-e-type=\"container\">\n\t\t<div class=\"elementor-element elementor-element-120bfebc e-con-full e-flex e-con e-child\" data-id=\"120bfebc\" data-element_type=\"container\" data-e-type=\"container\" data-settings=\"{&quot;background_background&quot;:&quot;classic&quot;}\">\n\t\t\t\t<\/div>\n\t\t<div class=\"elementor-element elementor-element-358ca1a6 e-con-full e-flex e-con e-child\" data-id=\"358ca1a6\" data-element_type=\"container\" data-e-type=\"container\">\n\t\t\t\t<div class=\"elementor-element elementor-element-f555ea7 elementor-widget elementor-widget-heading\" data-id=\"f555ea7\" data-element_type=\"widget\" data-e-type=\"widget\" data-widget_type=\"heading.default\">\n\t\t\t\t\t<h2 class=\"elementor-heading-title elementor-size-default\">Mit lille univers af unikt keramik<\/h2>\t\t\t\t<\/div>\n\t\t\t\t<div class=\"elementor-element elementor-element-65dd65ce elementor-widget elementor-widget-text-editor\" data-id=\"65dd65ce\" data-element_type=\"widget\" data-e-type=\"widget\" data-widget_type=\"text-editor.default\">\n\t\t\t\t\t\t\t\t\t<p data-start=\"213\" data-end=\"513\">Jeg hedder <strong data-start=\"224\" data-end=\"237\">Kira Leth<\/strong>, og jeg elsker at skabe med h\u00e6nderne. <strong data-start=\"276\" data-end=\"292\">Unik Kiramik<\/strong> udspringer af min passion for at forme noget s\u00e6rligt ud af det enkle. Hver kop, sk\u00e5l eller vase er h\u00e5ndlavet med omtanke, k\u00e6rlighed og et strejf af personlighed. Intet er masseproduceret, og ingen to ting er helt ens.<\/p><p data-start=\"515\" data-end=\"1032\">Jeg er autodidakt keramiker, bosat i <strong data-start=\"552\" data-end=\"562\">Assens<\/strong>, men min kreative rejse startede langt f\u00f8r leret kom p\u00e5 bordet. Oprindeligt er jeg uddannet p\u00e6dagog, og kreativiteten har altid v\u00e6ret en stor del af mit liv. I flere \u00e5r arbejdede jeg som selvst\u00e6ndig fotograf, og i dag arbejder jeg fortsat med kreativitet gennem mit arbejde med marketing. Alligevel er der noget helt s\u00e6rligt ved keramik: Det er sanseligt, h\u00e5ndgribeligt og levende, og jeg elsker processen med at eksperimentere med form, glasur og sm\u00e5 finurligheder.<\/p><p data-start=\"1034\" data-end=\"1305\">Navnet <strong data-start=\"1041\" data-end=\"1057\">Unik Kiramik<\/strong> rummer b\u00e5de mig (Kira) og det, jeg laver (keramik) og med det lille twist i stavem\u00e5den h\u00e5ber jeg, du husker det lidt bedre. Det handler om det unikke, det personlige og det n\u00e6rv\u00e6rende. Det, der f\u00f8les rigtigt i h\u00e5nden og ser smukt ud i hjemmet.<\/p><p data-start=\"1307\" data-end=\"1421\">Velkommen til <strong data-start=\"1321\" data-end=\"1337\">Unik Kiramik<\/strong> mit lille keramikunivers, skabt i ler, hjerteblod og mange \u00e5rs kreativ passion.<\/p>\t\t\t\t\t\t\t\t<\/div>\n\t\t\t\t<\/div>\n\t\t\t\t<\/div>\n\t\t<div class=\"elementor-element elementor-element-a648e0a e-flex e-con-boxed e-con e-parent\" data-id=\"a648e0a\" data-element_type=\"container\" data-e-type=\"container\">\n\t\t\t\t\t<div class=\"e-con-inner\">\n\t\t\t\t<div class=\"elementor-element elementor-element-f64ef9e elementor-widget elementor-widget-spacer\" data-id=\"f64ef9e\" data-element_type=\"widget\" data-e-type=\"widget\" data-widget_type=\"spacer.default\">\n\t\t\t\t\t\t\t<div class=\"elementor-spacer\">\n\t\t\t<div class=\"elementor-spacer-inner\"><\/div>\n\t\t<\/div>\n\t\t\t\t\t\t<\/div>\n\t\t\t\t\t<\/div>\n\t\t\t\t<\/div>\n\t\t<div class=\"elementor-element elementor-element-cd32ad1 e-flex e-con-boxed e-con e-parent\" data-id=\"cd32ad1\" data-element_type=\"container\" data-e-type=\"container\">\n\t\t\t\t\t<div class=\"e-con-inner\">\n\t\t\t\t<div class=\"elementor-element elementor-element-0e7147b elementor-align-center elementor-widget elementor-widget-button\" data-id=\"0e7147b\" data-element_type=\"widget\" data-e-type=\"widget\" data-widget_type=\"button.default\">\n\t\t\t\t\t\t\t\t\t\t<a class=\"elementor-button elementor-button-link elementor-size-sm elementor-animation-grow\" href=\"https:\/\/unikkiramik.dk\/index.php\/nyhedsbrev-til-unik-kiramik\/\">\n\t\t\t\t\t\t<span class=\"elementor-button-content-wrapper\">\n\t\t\t\t\t\t\t\t\t<span class=\"elementor-button-text\">Tilmeld dig mit nyhedsbrev<\/span>\n\t\t\t\t\t<\/span>\n\t\t\t\t\t<\/a>\n\t\t\t\t\t\t\t\t<\/div>\n\t\t\t\t\t<\/div>\n\t\t\t\t<\/div>\n\t\t<div class=\"elementor-element elementor-element-16c4248 e-flex e-con-boxed e-con e-parent\" data-id=\"16c4248\" data-element_type=\"container\" data-e-type=\"container\">\n\t\t\t\t\t<div class=\"e-con-inner\">\n\t\t\t\t<div class=\"elementor-element elementor-element-07c0821 elementor-widget elementor-widget-spacer\" data-id=\"07c0821\" data-element_type=\"widget\" data-e-type=\"widget\" data-widget_type=\"spacer.default\">\n\t\t\t\t\t\t\t<div class=\"elementor-spacer\">\n\t\t\t<div class=\"elementor-spacer-inner\"><\/div>\n\t\t<\/div>\n\t\t\t\t\t\t<\/div>\n\t\t\t\t\t<\/div>\n\t\t\t\t<\/div>\n\t\t\t\t<\/div>\n\t\t","protected":false},"excerpt":{"rendered":"<p>Kira Leth &#8211; Keramik skabt med h\u00e6nder, hjerte og et strejf af elegance Autodidakt keramiker, tidligere fotograf og uddannet p\u00e6dagog. Med en kreativ \u00e5re, der altid har l\u00f8bet st\u00e6rkt, skaber jeg h\u00e5ndlavet keramik fyldt med personlighed, finurligheder og k\u00e6rlighed til det enkle. mit univers Mit lille univers af unikt keramik Jeg hedder Kira Leth, og [&hellip;]<\/p>\n","protected":false},"author":1,"featured_media":0,"parent":0,"menu_order":0,"comment_status":"closed","ping_status":"closed","template":"elementor_header_footer","meta":{"_monsterinsights_skip_tracking":false,"_monsterinsights_sitenote_active":false,"_monsterinsights_sitenote_note":"","_monsterinsights_sitenote_category":0,"_uf_show_specific_survey":0,"_uf_disable_surveys":false,"footnotes":""},"class_list":["post-419","page","type-page","status-publish","hentry"],"aioseo_notices":[],"jetpack_sharing_enabled":true,"_links":{"self":[{"href":"https:\/\/unikkiramik.dk\/index.php\/wp-json\/wp\/v2\/pages\/419","targetHints":{"allow":["GET"]}}],"collection":[{"href":"https:\/\/unikkiramik.dk\/index.php\/wp-json\/wp\/v2\/pages"}],"about":[{"href":"https:\/\/unikkiramik.dk\/index.php\/wp-json\/wp\/v2\/types\/page"}],"author":[{"embeddable":true,"href":"https:\/\/unikkiramik.dk\/index.php\/wp-json\/wp\/v2\/users\/1"}],"replies":[{"embeddable":true,"href":"https:\/\/unikkiramik.dk\/index.php\/wp-json\/wp\/v2\/comments?post=419"}],"version-history":[{"count":60,"href":"https:\/\/unikkiramik.dk\/index.php\/wp-json\/wp\/v2\/pages\/419\/revisions"}],"predecessor-version":[{"id":1275,"href":"https:\/\/unikkiramik.dk\/index.php\/wp-json\/wp\/v2\/pages\/419\/revisions\/1275"}],"wp:attachment":[{"href":"https:\/\/unikkiramik.dk\/index.php\/wp-json\/wp\/v2\/media?parent=419"}],"curies":[{"name":"wp","href":"https:\/\/api.w.org\/{rel}","templated":true}]}}