{"id":93,"date":"2025-10-02T09:36:09","date_gmt":"2025-10-02T09:36:09","guid":{"rendered":"https:\/\/unikkiramik.dk\/index.php\/cart\/"},"modified":"2025-12-02T09:59:26","modified_gmt":"2025-12-02T09:59:26","slug":"cart","status":"publish","type":"page","link":"https:\/\/unikkiramik.dk\/index.php\/cart\/","title":{"rendered":"Indk\u00f8bskurv"},"content":{"rendered":"\t\t<div data-elementor-type=\"wp-page\" data-elementor-id=\"93\" class=\"elementor elementor-93\">\n\t\t\t\t<div class=\"elementor-element elementor-element-ccbf1a9 e-flex e-con-boxed e-con e-parent\" data-id=\"ccbf1a9\" data-element_type=\"container\" data-e-type=\"container\">\n\t\t\t\t\t<div class=\"e-con-inner\">\n\t\t\t\t<div class=\"elementor-element elementor-element-c371831 elementor-widget elementor-widget-text-editor\" data-id=\"c371831\" data-element_type=\"widget\" data-e-type=\"widget\" data-widget_type=\"text-editor.default\">\n\t\t\t\t\t\t\t\t\t<p>OBS! P.t. kan du kun betale via Goggle Pay, Apple Pay eller kreditkort.<br \/>Hvis du \u00f8nsker at betale via Mobile Pay, bedes du overf\u00f8re det samlede bel\u00f8b, incl. fragt, til Mobile Pay Box 4447YT <br \/>Send end en mail med hvad du \u00f8nsker at k\u00f8be til <a href=\"mailto:kiraleth@gmail.com\">kiraleth@gmail.com<\/a><\/p>\t\t\t\t\t\t\t\t<\/div>\n\t\t\t\t\t<\/div>\n\t\t\t\t<\/div>\n\t\t<div class=\"elementor-element elementor-element-53cb4133 e-flex e-con-boxed e-con e-parent\" data-id=\"53cb4133\" data-element_type=\"container\" data-e-type=\"container\">\n\t\t\t\t\t<div class=\"e-con-inner\">\n\t\t\t\t<div class=\"elementor-element elementor-element-129c0796 elementor-widget elementor-widget-text-editor\" data-id=\"129c0796\" data-element_type=\"widget\" data-e-type=\"widget\" data-widget_type=\"text-editor.default\">\n\t\t\t\t\t\t\t\t\t\n<div data-block-name=\"woocommerce\/cart\" class=\"wp-block-woocommerce-cart alignwide is-loading\">\n<div data-block-name=\"woocommerce\/filled-cart-block\" class=\"wp-block-woocommerce-filled-cart-block\">\n<div data-block-name=\"woocommerce\/cart-items-block\" class=\"wp-block-woocommerce-cart-items-block\">\n<div data-block-name=\"woocommerce\/cart-line-items-block\" class=\"wp-block-woocommerce-cart-line-items-block\"><\/div>\n\n\n<\/div>\n\n\n\n<div data-block-name=\"woocommerce\/cart-totals-block\" class=\"wp-block-woocommerce-cart-totals-block\">\n<div data-block-name=\"woocommerce\/cart-order-summary-block\" class=\"wp-block-woocommerce-cart-order-summary-block\">\n<div data-block-name=\"woocommerce\/cart-order-summary-heading-block\" data-content=\"Samlet bel\u00f8b i kurv\" class=\"wp-block-woocommerce-cart-order-summary-heading-block\"><\/div>\n\n\n\n<div data-block-name=\"woocommerce\/cart-order-summary-coupon-form-block\" class=\"wp-block-woocommerce-cart-order-summary-coupon-form-block\"><\/div>\n\n\n\n<div data-block-name=\"woocommerce\/cart-order-summary-totals-block\" class=\"wp-block-woocommerce-cart-order-summary-totals-block\">\n<div data-block-name=\"woocommerce\/cart-order-summary-subtotal-block\" class=\"wp-block-woocommerce-cart-order-summary-subtotal-block\"><\/div>\n\n\n\n<div data-block-name=\"woocommerce\/cart-order-summary-fee-block\" class=\"wp-block-woocommerce-cart-order-summary-fee-block\"><\/div>\n\n\n\n<div data-block-name=\"woocommerce\/cart-order-summary-discount-block\" class=\"wp-block-woocommerce-cart-order-summary-discount-block\"><\/div>\n\n\n\n<div data-block-name=\"woocommerce\/cart-order-summary-shipping-block\" class=\"wp-block-woocommerce-cart-order-summary-shipping-block\"><\/div>\n\n\n\n<div data-block-name=\"woocommerce\/cart-order-summary-taxes-block\" class=\"wp-block-woocommerce-cart-order-summary-taxes-block\"><\/div>\n<\/div>\n<\/div>\n\n\n\n<div data-block-name=\"woocommerce\/cart-express-payment-block\" class=\"wp-block-woocommerce-cart-express-payment-block\"><\/div>\n\n\n\n<div data-block-name=\"woocommerce\/proceed-to-checkout-block\" class=\"wp-block-woocommerce-proceed-to-checkout-block\"><\/div>\n\n\n\n<div data-block-name=\"woocommerce\/cart-accepted-payment-methods-block\" class=\"wp-block-woocommerce-cart-accepted-payment-methods-block\"><\/div>\n<\/div>\n<\/div>\n\n\n\n<div data-block-name=\"woocommerce\/empty-cart-block\" class=\"wp-block-woocommerce-empty-cart-block\">\n<h2 class=\"wp-block-heading has-text-align-center with-empty-cart-icon wc-block-cart__empty-cart__title\">Your cart is currently empty!<\/h2>\n\n\n\n<hr class=\"wp-block-separator has-alpha-channel-opacity is-style-dots\"\/>\n\n\n\n<h2 class=\"wp-block-heading has-text-align-center\">New in store<\/h2>\n\n\n<div data-block-name=\"woocommerce\/product-new\" data-columns=\"4\" data-rows=\"1\" class=\"wc-block-grid wp-block-product-new wp-block-woocommerce-product-new wc-block-product-new has-4-columns\"><ul class=\"wc-block-grid__products\"><li class=\"wc-block-grid__product\">\n\t\t\t\t<a href=\"https:\/\/unikkiramik.dk\/index.php\/product\/morgensand-morgenmadsskaal\/\" class=\"wc-block-grid__product-link\">\n\t\t\t\t\t\n\t\t\t\t\t<div class=\"wc-block-grid__product-image\"><img fetchpriority=\"high\" decoding=\"async\" width=\"324\" height=\"324\" src=\"https:\/\/unikkiramik.dk\/wp-content\/uploads\/2026\/03\/Morgensand_2-324x324.png\" class=\"attachment-woocommerce_thumbnail size-woocommerce_thumbnail\" alt=\"Morgensand morgenmadssk\u00e5l\" srcset=\"https:\/\/unikkiramik.dk\/wp-content\/uploads\/2026\/03\/Morgensand_2-324x324.png 324w, https:\/\/unikkiramik.dk\/wp-content\/uploads\/2026\/03\/Morgensand_2-300x300.png 300w, https:\/\/unikkiramik.dk\/wp-content\/uploads\/2026\/03\/Morgensand_2-150x150.png 150w, https:\/\/unikkiramik.dk\/wp-content\/uploads\/2026\/03\/Morgensand_2-768x768.png 768w, https:\/\/unikkiramik.dk\/wp-content\/uploads\/2026\/03\/Morgensand_2-416x416.png 416w, https:\/\/unikkiramik.dk\/wp-content\/uploads\/2026\/03\/Morgensand_2-100x100.png 100w, https:\/\/unikkiramik.dk\/wp-content\/uploads\/2026\/03\/Morgensand_2.png 787w\" sizes=\"(max-width: 324px) 100vw, 324px\" \/><\/div>\n\t\t\t\t\t<div class=\"wc-block-grid__product-title\">Morgensand morgenmadssk\u00e5l<\/div>\n\t\t\t\t<\/a>\n\t\t\t\t<div class=\"wc-block-grid__product-price price\"><span class=\"woocommerce-Price-amount amount\">175,00&nbsp;<span class=\"woocommerce-Price-currencySymbol\">kr.<\/span><\/span><\/div>\n\t\t\t\t\n\t\t\t\t<div class=\"wp-block-button wc-block-grid__product-add-to-cart\"><a href=\"\/index.php\/wp-json\/wp\/v2\/pages\/93?add-to-cart=1391\" aria-label=\"L\u00e6g i kurv: &ldquo;Morgensand morgenmadssk\u00e5l&rdquo;\" data-quantity=\"1\" data-product_id=\"1391\" data-product_sku=\"\" data-price=\"175\" rel=\"nofollow\" class=\"wp-block-button__link  add_to_cart_button ajax_add_to_cart\">Tilf\u00f8j til kurv<\/a><\/div>\n\t\t\t<\/li><li class=\"wc-block-grid__product\">\n\t\t\t\t<a href=\"https:\/\/unikkiramik.dk\/index.php\/product\/skumring-morgenmadsskaal\/\" class=\"wc-block-grid__product-link\">\n\t\t\t\t\t\n\t\t\t\t\t<div class=\"wc-block-grid__product-image\"><img decoding=\"async\" width=\"324\" height=\"324\" src=\"https:\/\/unikkiramik.dk\/wp-content\/uploads\/2026\/02\/Skumring-morgenmadsskaal_2-324x324.png\" class=\"attachment-woocommerce_thumbnail size-woocommerce_thumbnail\" alt=\"Skumring morgenmadssk\u00e5l\" srcset=\"https:\/\/unikkiramik.dk\/wp-content\/uploads\/2026\/02\/Skumring-morgenmadsskaal_2-324x324.png 324w, https:\/\/unikkiramik.dk\/wp-content\/uploads\/2026\/02\/Skumring-morgenmadsskaal_2-300x300.png 300w, https:\/\/unikkiramik.dk\/wp-content\/uploads\/2026\/02\/Skumring-morgenmadsskaal_2-1024x1024.png 1024w, https:\/\/unikkiramik.dk\/wp-content\/uploads\/2026\/02\/Skumring-morgenmadsskaal_2-150x150.png 150w, https:\/\/unikkiramik.dk\/wp-content\/uploads\/2026\/02\/Skumring-morgenmadsskaal_2-768x768.png 768w, https:\/\/unikkiramik.dk\/wp-content\/uploads\/2026\/02\/Skumring-morgenmadsskaal_2-416x416.png 416w, https:\/\/unikkiramik.dk\/wp-content\/uploads\/2026\/02\/Skumring-morgenmadsskaal_2-100x100.png 100w, https:\/\/unikkiramik.dk\/wp-content\/uploads\/2026\/02\/Skumring-morgenmadsskaal_2.png 1181w\" sizes=\"(max-width: 324px) 100vw, 324px\" \/><\/div>\n\t\t\t\t\t<div class=\"wc-block-grid__product-title\">Skumring morgenmadssk\u00e5l<\/div>\n\t\t\t\t<\/a>\n\t\t\t\t<div class=\"wc-block-grid__product-price price\"><span class=\"woocommerce-Price-amount amount\">175,00&nbsp;<span class=\"woocommerce-Price-currencySymbol\">kr.<\/span><\/span><\/div>\n\t\t\t\t\n\t\t\t\t<div class=\"wp-block-button wc-block-grid__product-add-to-cart\"><a href=\"\/index.php\/wp-json\/wp\/v2\/pages\/93?add-to-cart=1309\" aria-label=\"L\u00e6g i kurv: &ldquo;Skumring morgenmadssk\u00e5l&rdquo;\" data-quantity=\"1\" data-product_id=\"1309\" data-product_sku=\"\" data-price=\"175\" rel=\"nofollow\" class=\"wp-block-button__link  add_to_cart_button ajax_add_to_cart\">Tilf\u00f8j til kurv<\/a><\/div>\n\t\t\t<\/li><li class=\"wc-block-grid__product\">\n\t\t\t\t<a href=\"https:\/\/unikkiramik.dk\/index.php\/product\/skumring-mellem-str-skaal\/\" class=\"wc-block-grid__product-link\">\n\t\t\t\t\t\n\t\t\t\t\t<div class=\"wc-block-grid__product-image\"><img decoding=\"async\" width=\"324\" height=\"324\" src=\"https:\/\/unikkiramik.dk\/wp-content\/uploads\/2026\/02\/Skumring-mellem_2-324x324.png\" class=\"attachment-woocommerce_thumbnail size-woocommerce_thumbnail\" alt=\"Skumring mellem str. sk\u00e5l\" srcset=\"https:\/\/unikkiramik.dk\/wp-content\/uploads\/2026\/02\/Skumring-mellem_2-324x324.png 324w, https:\/\/unikkiramik.dk\/wp-content\/uploads\/2026\/02\/Skumring-mellem_2-300x300.png 300w, https:\/\/unikkiramik.dk\/wp-content\/uploads\/2026\/02\/Skumring-mellem_2-1024x1024.png 1024w, https:\/\/unikkiramik.dk\/wp-content\/uploads\/2026\/02\/Skumring-mellem_2-150x150.png 150w, https:\/\/unikkiramik.dk\/wp-content\/uploads\/2026\/02\/Skumring-mellem_2-768x768.png 768w, https:\/\/unikkiramik.dk\/wp-content\/uploads\/2026\/02\/Skumring-mellem_2-416x416.png 416w, https:\/\/unikkiramik.dk\/wp-content\/uploads\/2026\/02\/Skumring-mellem_2-100x100.png 100w, https:\/\/unikkiramik.dk\/wp-content\/uploads\/2026\/02\/Skumring-mellem_2.png 1181w\" sizes=\"(max-width: 324px) 100vw, 324px\" \/><\/div>\n\t\t\t\t\t<div class=\"wc-block-grid__product-title\">Skumring mellem str. sk\u00e5l<\/div>\n\t\t\t\t<\/a>\n\t\t\t\t<div class=\"wc-block-grid__product-price price\"><span class=\"woocommerce-Price-amount amount\">300,00&nbsp;<span class=\"woocommerce-Price-currencySymbol\">kr.<\/span><\/span><\/div>\n\t\t\t\t\n\t\t\t\t<div class=\"wp-block-button wc-block-grid__product-add-to-cart\"><a href=\"\/index.php\/wp-json\/wp\/v2\/pages\/93?add-to-cart=1307\" aria-label=\"L\u00e6g i kurv: &ldquo;Skumring mellem str. sk\u00e5l&rdquo;\" data-quantity=\"1\" data-product_id=\"1307\" data-product_sku=\"\" data-price=\"300\" rel=\"nofollow\" class=\"wp-block-button__link  add_to_cart_button ajax_add_to_cart\">Tilf\u00f8j til kurv<\/a><\/div>\n\t\t\t<\/li><li class=\"wc-block-grid__product\">\n\t\t\t\t<a href=\"https:\/\/unikkiramik.dk\/index.php\/product\/havets-perle-smykkeskaal\/\" class=\"wc-block-grid__product-link\">\n\t\t\t\t\t\n\t\t\t\t\t<div class=\"wc-block-grid__product-image\"><img loading=\"lazy\" decoding=\"async\" width=\"324\" height=\"324\" src=\"https:\/\/unikkiramik.dk\/wp-content\/uploads\/2026\/02\/Havets-perle_2-324x324.png\" class=\"attachment-woocommerce_thumbnail size-woocommerce_thumbnail\" alt=\"Havets perle - smykkesk\u00e5l\" srcset=\"https:\/\/unikkiramik.dk\/wp-content\/uploads\/2026\/02\/Havets-perle_2-324x324.png 324w, https:\/\/unikkiramik.dk\/wp-content\/uploads\/2026\/02\/Havets-perle_2-300x300.png 300w, https:\/\/unikkiramik.dk\/wp-content\/uploads\/2026\/02\/Havets-perle_2-1024x1024.png 1024w, https:\/\/unikkiramik.dk\/wp-content\/uploads\/2026\/02\/Havets-perle_2-150x150.png 150w, https:\/\/unikkiramik.dk\/wp-content\/uploads\/2026\/02\/Havets-perle_2-768x768.png 768w, https:\/\/unikkiramik.dk\/wp-content\/uploads\/2026\/02\/Havets-perle_2-416x416.png 416w, https:\/\/unikkiramik.dk\/wp-content\/uploads\/2026\/02\/Havets-perle_2-100x100.png 100w, https:\/\/unikkiramik.dk\/wp-content\/uploads\/2026\/02\/Havets-perle_2.png 1181w\" sizes=\"(max-width: 324px) 100vw, 324px\" \/><\/div>\n\t\t\t\t\t<div class=\"wc-block-grid__product-title\">Havets perle - smykkesk\u00e5l<\/div>\n\t\t\t\t<\/a>\n\t\t\t\t<div class=\"wc-block-grid__product-price price\"><span class=\"woocommerce-Price-amount amount\">100,00&nbsp;<span class=\"woocommerce-Price-currencySymbol\">kr.<\/span><\/span><\/div>\n\t\t\t\t\n\t\t\t\t<div class=\"wp-block-button wc-block-grid__product-add-to-cart\"><a href=\"\/index.php\/wp-json\/wp\/v2\/pages\/93?add-to-cart=1310\" aria-label=\"L\u00e6g i kurv: &ldquo;Havets perle - smykkesk\u00e5l&rdquo;\" data-quantity=\"1\" data-product_id=\"1310\" data-product_sku=\"\" data-price=\"100\" rel=\"nofollow\" class=\"wp-block-button__link  add_to_cart_button ajax_add_to_cart\">Tilf\u00f8j til kurv<\/a><\/div>\n\t\t\t<\/li><\/ul><\/div><\/div>\n<\/div>\n\t\t\t\t\t\t\t\t<\/div>\n\t\t\t\t\t<\/div>\n\t\t\t\t<\/div>\n\t\t\t\t<\/div>\n\t\t","protected":false},"excerpt":{"rendered":"<p>OBS! P.t. kan du kun betale via Goggle Pay, Apple Pay eller kreditkort.Hvis du \u00f8nsker at betale via Mobile Pay, bedes du overf\u00f8re det samlede bel\u00f8b, incl. fragt, til Mobile Pay Box 4447YT Send end en mail med hvad du \u00f8nsker at k\u00f8be til kiraleth@gmail.com<\/p>\n","protected":false},"author":1,"featured_media":0,"parent":0,"menu_order":0,"comment_status":"closed","ping_status":"closed","template":"","meta":{"_monsterinsights_skip_tracking":false,"_monsterinsights_sitenote_active":false,"_monsterinsights_sitenote_note":"","_monsterinsights_sitenote_category":0,"_uf_show_specific_survey":0,"_uf_disable_surveys":false,"footnotes":""},"class_list":["post-93","page","type-page","status-publish","hentry"],"aioseo_notices":[],"jetpack_sharing_enabled":true,"_links":{"self":[{"href":"https:\/\/unikkiramik.dk\/index.php\/wp-json\/wp\/v2\/pages\/93","targetHints":{"allow":["GET"]}}],"collection":[{"href":"https:\/\/unikkiramik.dk\/index.php\/wp-json\/wp\/v2\/pages"}],"about":[{"href":"https:\/\/unikkiramik.dk\/index.php\/wp-json\/wp\/v2\/types\/page"}],"author":[{"embeddable":true,"href":"https:\/\/unikkiramik.dk\/index.php\/wp-json\/wp\/v2\/users\/1"}],"replies":[{"embeddable":true,"href":"https:\/\/unikkiramik.dk\/index.php\/wp-json\/wp\/v2\/comments?post=93"}],"version-history":[{"count":20,"href":"https:\/\/unikkiramik.dk\/index.php\/wp-json\/wp\/v2\/pages\/93\/revisions"}],"predecessor-version":[{"id":1095,"href":"https:\/\/unikkiramik.dk\/index.php\/wp-json\/wp\/v2\/pages\/93\/revisions\/1095"}],"wp:attachment":[{"href":"https:\/\/unikkiramik.dk\/index.php\/wp-json\/wp\/v2\/media?parent=93"}],"curies":[{"name":"wp","href":"https:\/\/api.w.org\/{rel}","templated":true}]}}